{"id":29,"date":"2020-08-16T06:31:05","date_gmt":"2020-08-16T06:31:05","guid":{"rendered":"http:\/\/fotoplus.com\/idart50\/?page_id=29"},"modified":"2025-10-29T08:56:55","modified_gmt":"2025-10-29T08:56:55","slug":"equipes-tecnicas-de-pesquisa-etps","status":"publish","type":"page","link":"https:\/\/www.fotoplus.com\/idart50\/?page_id=29","title":{"rendered":"Membros por \u00c1rea\/ETP"},"content":{"rendered":"\n<p class=\"has-text-align-right has-small-font-size\">As listagens por equipe incluem diversos cargos: pesquisadores de assuntos culturais, pesquisadores de documentos, bibliotec\u00e1rios, secret\u00e1rias&#8230;. <br>cargos previstos no ato legal que deu origem ao IDART. <br>Ao longo do tempo, com a cria\u00e7\u00e3o do CCSP, a partir do quadro funcional<br> do ente inicial, esses cargos foram reestruturados ou extintos.<br><\/p>\n\n\n\n<hr class=\"wp-block-separator has-alpha-channel-opacity is-style-wide\"\/>\n\n\n\n<p class=\"has-medium-font-size\"><strong>Arquivo Multimeios<\/strong><\/p>\n\n\n\n<div class=\"wp-block-group\"><div class=\"wp-block-group__inner-container is-layout-flow wp-block-group-is-layout-flow\">\n<p class=\"has-normal-font-size\">Darwin Pavan Filho (bibliotec\u00e1ria)<br>Edmilson de Castro<br>Elza Maria D&#8217;\u00c1vila Barbosa (bibliotec\u00e1ria)<br>Guita Stern (bibliotec\u00e1ria)<br>Janeta Zaidmam Charatz (bibliotec\u00e1rio)<br>Maria Jos\u00e9 Camargo de Carvalho (IDART, 1976)<br>M\u00e1rcio Airello Pires de Almeida (bibliotec\u00e1rio)<br>Raquel Ferreira Bueno (bibliotec\u00e1ria)<br><br>Andr\u00e9a Bruscagin Morelatto (restauro)<br>Dorileo Eug\u00eanio Gabriel<br>Marina Siqueira Pozzoli<br>Roberto Diem (microfilmagem)<br>Rosana Dal Forno Braga<br>Roseli de Almeida<br>Sandra Maria Lovizio<strong><br><\/strong><\/p>\n\n\n\n<hr class=\"wp-block-separator has-alpha-channel-opacity is-style-wide\"\/>\n\n\n\n<p class=\"has-medium-font-size\"><strong>ETP Arquitetura<\/strong> <br>\u00c1rea Arquitetura e Desenho Industrial (1975-1982)<\/p>\n\n\n\n<p>Angela Maria Rocha<br>Bluette Fortes Santa Clara (IDART, 1976-1980)<br>Claudio da Rosa Ferlauto (supervisor, 1975-1977; (IDART, 1975-1977)<br>Catherine Gati<br>Dalva Elias Thomaz <br>Eduardo de Jesus Rodrigues (supervisor, 1977) (IDART, 1977)<br>Gl\u00f3ria Maria Bayeux<br>Isaias Alves de Almeida Netto<br>Jo\u00e3o Baptista Novelli Junior (IDART, 1976-1980)<br>Luiz Otavio Zamarioli (IDART, 1976)<br>Maria de F\u00e1tima Arcoverde da Silva<br>Ot\u00e1vio Saito (IDART, 1976)<br>Ricardo Forjaz Christiano de Souza<br>Rosa Artigas<br>Valdir Arruda<br><\/p>\n\n\n\n<hr class=\"wp-block-separator has-alpha-channel-opacity is-style-wide\"\/>\n\n\n\n<p class=\"has-medium-font-size\"><strong>ETP Artes c\u00eanicas<\/strong><br>\u00c1rea Artes c\u00eanicas (1975-1982)<\/p>\n\n\n\n<p>Ana Maria Rebou\u00e7as (Div.Pesquisas)<br>Carlos Eugenio Marcondes de Moura (IDART, 1976-1980))<br>C\u00e1ssia Navas (dan\u00e7a)<br>Celso Ohno<br>Claudia de Alencar Bitencourt (IDART, 1976-1980)<br>Heloisa Margarido Sales<br>Linneu Moreira Dias (dan\u00e7a) (IDART, 1976-1980; Div.Pesquisas)<br>Maria Cristina Barbosa Coelho (dan\u00e7a)<br>Maria Isabel Garcia<br>Maria L\u00facia Pereira<br>Maria Thereza Vargas (supervisora, 1976-1980) (IDART, 1976-1980; Div.Pesquisas, 1981-200x)<br>Mariangela Muraro Alves de Lima (IDART, 1976-1980; Div.Pesquisas)<br>Mauro Pergaminik Meiches<br>Renata Ferreira Xavier (dan\u00e7a)<br>Silvia Fernandes da Silva Telesi (IDART; Div.Pesquisas)<br><\/p>\n\n\n\n<hr class=\"wp-block-separator has-alpha-channel-opacity is-style-wide\"\/>\n\n\n\n<p class=\"has-medium-font-size\"><strong>ETP Artes gr\u00e1ficas<\/strong><br>\u00c1rea de Artes gr\u00e1ficas (1975-1982)<\/p>\n\n\n\n<p class=\"has-normal-font-size\"><br>Carlos Alberto B. Moreno (IDART, 1982; Div.Pesquisas)<br>Eduardo de Jesus Rodrigues (IDART, 1976)<br>Fernando Lemos (supervisor, IDART, 1976)<br>Guinter Parschalk<br>Hermelindo Fiaminghi (IDART, 1976)<br>Ilsa K. L. Ferreira<br>Jos\u00e9 Geraldo M. Oliveira<br>Julio Plaza (IDART, 1976)<br>Marcos Cartum<br>Marina Mello Carioba (IDART, 1982)<br>Paula C. Motta<br>Paulo C\u00e9sar Goulart<br>Ricardo Ohtake<br>Sonia Fontanezi (supervisor)<\/p>\n\n\n\n<hr class=\"wp-block-separator has-alpha-channel-opacity is-style-wide\"\/>\n\n\n\n<p class=\"has-medium-font-size\"><strong>ETP Artes pl\u00e1sticas<\/strong><br>\u00c1rea Artes pl\u00e1sticas (1975-1982)<\/p>\n\n\n\n<p class=\"has-normal-font-size\">Andrea Andira Leite (Div.Pesquisas)<br>Camila Duprat Martins<br>Cl\u00e1udia de Brito Lameirinha Bianchi<br>Daisy Valle Machado Peccinini (IDART, 1976)<br>Domingos Tadeu Chiarelli<br>Elisabete Geraldini<br>Helo\u00edsa Maria Pinheiro de Abreu Meirelles<br>Ivo Costa Mesquita (IDART, 1979)<br>Ilza Kawal Leal Ferreira<br>Lygia Arcuri Eluf <br>Lucia Junqueira Caldas<br>Maria Adelaide do Nascimento Pontes<br>Maria Olimpia de Mello Vass\u00e3o<br>Maria Vanessa Rego de Barros Cavalcanti (IDART, 1976)<br>Marisa Vitturi Ribeiro (secret\u00e1ria)<br>Radha Abramo (IDART, 1976)<br>Raphael Buongermino Netto (supervisor) (IDART, 1976)<br>Regina Helena Dutra Rodrigues Ferreira da Silva (IDART, 1976)<br>Sonia Prieto (IDART, 1976)<br>Yvoty Macambira<br><br>estagi\u00e1rios<br><\/p>\n\n\n\n<hr class=\"wp-block-separator has-alpha-channel-opacity is-style-wide\"\/>\n\n\n\n<p class=\"has-medium-font-size\"><strong>\u00c1rea Arte popular<\/strong><\/p>\n\n\n\n<p class=\"has-normal-font-size\">L\u00e9lia Coelho Frota (IDART, 1976)<br><\/p>\n\n\n\n<hr class=\"wp-block-separator has-alpha-channel-opacity is-style-wide\"\/>\n\n\n\n<p class=\"has-medium-font-size\"><strong>ETP Cinema<\/strong><br>\u00c1rea Cinema (1975-1982)<\/p>\n\n\n\n<p class=\"has-normal-font-size\">Afr\u00e2nio Mendes Catani<br>Albert Roger Hemsi<br>Andr\u00e9 Piero Gatti (Div.Pesquisas)<br>Carla Dami\u00e3o<br>Carlos Ornelles Ortiz (IDART)<br>Carlos Roberto Rodrigues de Souza (supervisor) (IDART, 1976-[1978]) <br>Eliana de Oliveira Queiroz (IDART, 1976-[1978])<br>Fl\u00e1vio Porto e Silva (IDART, 1977)<br>Francisco Magaldi (IDART)<br>Inim\u00e1 Ferreira Sim\u00f5es (supervisor)<br>Jean-Claude Bernardet (IDART)<br>Jo\u00e3o Saad Abdalla<br>Jos\u00e9 Carvalho Motta (IDART, 1976)<br>Luis Felipe de Miranda (Div.Pesquisas)<br>Olga Futema (supervisor)<br>Regina C\u00e9lia Pedroso (Div.Pesquisas)<br>Ricardo Mendes (Div.Pesquisas)<br>Rubens Machado Junior (Div.Pesquisas)<br>Thais Sandri<br>Waltraud Weissmann<br>Zulmira Ribeiro Tavares (IDART, 1976-[1980])<br><\/p>\n\n\n\n<hr class=\"wp-block-separator has-alpha-channel-opacity is-style-wide\"\/>\n\n\n\n<p class=\"has-medium-font-size\"><strong>ETP Comunica\u00e7\u00e3o de Massa<\/strong><br>\u00c1rea Comunica\u00e7\u00e3o de massa (1975-1982)<\/p>\n\n\n\n<p>Beth Carmona (Elizabeth Carmona) (Div.Pesquisas, d\u00e9cada [1980])<br>Carlos Alberto Valero de Figueiredo (IDART, 1976)<br>D\u00e9cio Pignatari (supervisor, IDART, 1976-1977)<br>Edgard Ribeiro de Amorim<br>Eliana Lobo de Andrade Jorge (IDART, 1976-[1980})<br>Fl\u00e1vio Luiz Porto e Silva (IDART, 1976; Div.Pesquisas, supervisor)<br>Maria Elisa Vercesi de Albuquerque (IDART, 1976. Div.Pesquisas)<br>Paulo Sergio Bel\u00e9m<br>Rita Okamura (IDART, 1976)<br>Selma de Carvalho Padron Kaufmann<br><br><\/p>\n\n\n\n<hr class=\"wp-block-separator has-alpha-channel-opacity is-style-wide\"\/>\n\n\n\n<p class=\"has-medium-font-size\"><strong>ETP Fotografia<\/strong> (equipe n\u00e3o formalizada, 1993-2005)<\/p>\n\n\n\n<p class=\"has-normal-font-size\"><br>F\u00e1tima Colacite Pessoa de Oliveira<br>Filomena Aparecida de Rosa <br>Maria de F\u00e1tima Arcoverde da Silva<br>Marisa Nunes<br>Marisa Vitturi Ribeiro<br>Ricardo Mendes (arquiteto, 1993-2005)<br>Valdir Arruda (colabora\u00e7\u00e3o, Projeto Fotografia de moda, 1998-2001)<br><br>estagi\u00e1rios <br>Celso Ricardo Oliveira (1995)<br>Valeria Pina (1998)<br><\/p>\n\n\n\n<hr class=\"wp-block-separator has-alpha-channel-opacity is-style-wide\"\/>\n\n\n\n<p class=\"has-medium-font-size\"><strong>ETP<\/strong> <strong>Literatura<\/strong><br>\u00c1rea Literatura e semi\u00f3tica (1975-1982)<\/p>\n\n\n\n<p class=\"has-normal-font-size\">Cristine Marie Tedeschi Conforti Serroni (IDART, 1976)<br>Din\u00e1 Yoshizaki (IDART, 1976)<br>Edla van Steen<br>Erson de Martins de Oliveira (IDART, 1976)<br>Lenora de Barros<br>Liliane Schrank Lehmann de Barros (n.?-2024)<br>Lucr\u00e9cia D&#8217;Alessio Ferrara (supervisor, 1977-1980) (IDART, 1976-1980)<br>M\u00e1rcia Denser (n.1954-2024)<br>Maria Helena Cury<br>Maria Helena Beauchamp<br>Norval Baitello Junior (IDART, 1976)<br><\/p>\n\n\n\n<hr class=\"wp-block-separator has-alpha-channel-opacity is-style-wide\"\/>\n\n\n\n<p class=\"has-medium-font-size\"><strong>ETP<\/strong> <strong>M\u00fasica<\/strong><br>\u00c1rea M\u00fasica e Som (1975-1982)<\/p>\n\n\n\n<p>Cid Campos<br>Damiano Cozzella (supervisor, 1976) (IDART, 1976)<br>Dorot\u00e9a Machado Kerr (supervisor, 1984-1990) (IDART, 1975-1981; Div.Pesquisas, 1981-1990)<br>Fernando C. Duarte (IDART, 1976)<br>Fl\u00e1via Camargo Toni (pesquisador, d\u00e9cada 1980)<br>Marcelo Morato Brissac (auxiliar de pesquisa, d\u00e9cada 1980)<br>Marcia Fernandes do Santos (auxiliar de pesquisa, d\u00e9cada 1980)<br>Paulo Tatit<br>Ricardo Lobo de Andrade (IDART, 1976)<br>Vera L\u00facia Donadio<br><\/p>\n<\/div><\/div>\n\n\n\n<hr class=\"wp-block-separator has-alpha-channel-opacity is-style-wide\"\/>\n\n\n\n<p class=\"has-medium-font-size\"><strong>Diretoria<\/strong><\/p>\n\n\n\n<p class=\"has-normal-font-size\"><strong>IDART<\/strong><br>Luiz Nagib Amary<br>Maria Eug\u00eania de Almeida Franco <br><br><strong>Centro de Pesquisas de Arte Brasileira<\/strong><br>D\u00e9cio Pignatari (1976)<br>Paulo Em\u00edlio Salles Gomes (1977)<br>Radh\u00e1 Abramo <br><br><strong>Divis\u00e3o de Pesquisas<\/strong> (CCSP)<br>Bernador Issler<br>Boris Kossoy <br>Jos\u00e9 Guilherme Cantor Magnani<br>Jos\u00e9 Teixeira Coelho Netto<br>Maria Alice Gouveia&nbsp;<br>Marco Ven\u00edcio M. Andrade<br>Silvana Garcia<br>Vera D&#8217;Horta Beccari<br><br>Maria de Lourdes Ferreira, procuradora (IDART, assistente jur\u00eddico, 1976)<br>La\u00eds Moura (IDART, assistente t\u00e9cnico, 1976)<br>Walter Pires (CCSP, assistente)<br><br><strong>Setores administrativos<\/strong><br>Aparecida Cris\u00f3stomo<br>Espedita Silva dos Santos<br>Vera Lob\u00e3o<br><br><strong>Setores apoio t\u00e9cnico<\/strong><br>_<br><br><\/p>\n\n\n\n<hr class=\"wp-block-separator has-alpha-channel-opacity is-style-wide\"\/>\n\n\n\n<p><\/p>\n\n\n\n<p class=\"has-normal-font-size\"><br><br><\/p>\n","protected":false},"excerpt":{"rendered":"<p>As listagens por equipe incluem diversos cargos: pesquisadores de assuntos culturais, pesquisadores de documentos, bibliotec\u00e1rios, secret\u00e1rias&#8230;. cargos previstos no ato legal que deu origem ao IDART. Ao longo do tempo, com a cria\u00e7\u00e3o do CCSP, a partir do quadro funcional do ente inicial, esses cargos foram reestruturados ou extintos. Arquivo Multimeios Darwin Pavan Filho (bibliotec\u00e1ria)Edmilson &hellip; <a href=\"https:\/\/www.fotoplus.com\/idart50\/?page_id=29\" class=\"more-link\">Continue lendo<span class=\"screen-reader-text\"> &#8220;Membros por \u00c1rea\/ETP&#8221;<\/span><\/a><\/p>\n","protected":false},"author":1,"featured_media":0,"parent":4,"menu_order":0,"comment_status":"closed","ping_status":"closed","template":"","meta":{"footnotes":""},"class_list":["post-29","page","type-page","status-publish","hentry"],"_links":{"self":[{"href":"https:\/\/www.fotoplus.com\/idart50\/index.php?rest_route=\/wp\/v2\/pages\/29","targetHints":{"allow":["GET"]}}],"collection":[{"href":"https:\/\/www.fotoplus.com\/idart50\/index.php?rest_route=\/wp\/v2\/pages"}],"about":[{"href":"https:\/\/www.fotoplus.com\/idart50\/index.php?rest_route=\/wp\/v2\/types\/page"}],"author":[{"embeddable":true,"href":"https:\/\/www.fotoplus.com\/idart50\/index.php?rest_route=\/wp\/v2\/users\/1"}],"replies":[{"embeddable":true,"href":"https:\/\/www.fotoplus.com\/idart50\/index.php?rest_route=%2Fwp%2Fv2%2Fcomments&post=29"}],"version-history":[{"count":101,"href":"https:\/\/www.fotoplus.com\/idart50\/index.php?rest_route=\/wp\/v2\/pages\/29\/revisions"}],"predecessor-version":[{"id":1635,"href":"https:\/\/www.fotoplus.com\/idart50\/index.php?rest_route=\/wp\/v2\/pages\/29\/revisions\/1635"}],"up":[{"embeddable":true,"href":"https:\/\/www.fotoplus.com\/idart50\/index.php?rest_route=\/wp\/v2\/pages\/4"}],"wp:attachment":[{"href":"https:\/\/www.fotoplus.com\/idart50\/index.php?rest_route=%2Fwp%2Fv2%2Fmedia&parent=29"}],"curies":[{"name":"wp","href":"https:\/\/api.w.org\/{rel}","templated":true}]}}